34 - 24. Let n(x) = x**3 - 11*x**2 + 8*x + 14. Calculate n(p).
-6
Suppose -7 = -2*j + 9. Let a(n) = -n**2 + 8*n + 1. Let w be a(j). Let k(f) = -5*f + 7 + w - 5. Give k(2).
-7
Let b be -1 + 1 + -2 + 5. Let c(p) = -3*p**3 + 2*p**b + 0*p**3. Suppose 4*l = -d - 14, -l - 22 = -5*d + 2*l. Determine c(d).
-8
Let y = -2 + 8. Let c(b) = -13*b**3 + 7*b**2 - 9*b. Let f(q) = -7*q**3 + 4*q**2 - 5*q. Let w(g) = y*c(g) - 11*f(g). Let j be 2/(4/(-6)) - 0/4. What is w(j)?
6
Let c(t) = t + 1. Let p(d) = 8*d. Let v(g) = 4*c(g) - p(g). Determine v(3).
-8
Let f be 190/40 + (-2)/(-8). Let q(l) = -2*l + 7. Determine q(f).
-3
Suppose 3*t + 15 + 12 = 0. Let v(y) = -3*y - 1. Let q(s) = -12*s - 4. Suppose -3*w + r + 5 = 0, 6*w + 4*r = 2*w + 12. Let o(g) = t*v(g) + w*q(g). Give o(-1).
-2
Suppose 3*p + 4 = 10. Let l(r) = -r**2 + 8*r - 5. Let o be l(7). Let a(n) = 0 - n**2 - o*n + n + 1 + 1. Calculate a(p).
-4
Let m = -124 - -119. Let d(v) = -v - 4. Calculate d(m).
1
Let i be ((-96)/(-54))/8 + 76/(-18). Let k(z) = z**2 + 6*z + 6. What is k(i)?
-2
Let i(n) = -n - 2. Let b(h) = -h**2 - 2*h - 15. Let k(r) = -b(r) + 5*i(r). What is k(4)?
9
Let j(l) = -l - 1 + 9*l - 5*l + 2*l. Give j(-2).
-11
Let x = 15 - 11. Let v(b) be the second derivative of -1/6*b**x + 0 - 1/2*b**2 + 1/3*b**3 - 2*b - 1/20*b**5. Determine v(1).
-2
Suppose 0 = 3*h + 4 - 1, 5*h + 17 = 4*u. Let a(g) = 0 - g**3 - g**2 - 2*g - 1 + 5*g**2. Determine a(u).
2
Suppose 4*x + 25 = -x. Let g(q) = -4*q + 9. Let n(v) be the third derivative of -v**4/12 + 2*v**3/3 - v**2. Let k(i) = x*n(i) + 3*g(i). Give k(5).
-3
Let y = -13 + 8. Let u(x) = -x**2 - 5*x + 4. Let k be u(y). Let b(t) = k + 0 - 4*t - 1 + t**2. Give b(4).
3
Let d be -8 - (4/2 + (-25)/5). Let s(y) = y + 3. Determine s(d).
-2
Let m(b) = b - 4. Let z be m(3). Suppose -6*g + 20 = -2*u - g, -4*u + 4*g - 16 = 0. Let q(c) = 1 + c + u + 2 + c**2 - 4. Give q(z).
-1
Let f(q) = -2 + 5 - 4 - q. What is f(-4)?
3
Suppose h - 3 = -2*g, 5*h - 6 - 9 = g. Let f(p) = -3 + 0 + p + 45*p**2 - 44*p**2. Determine f(g).
-3
Let h(f) = -f**2 - f + 1. Suppose o + 3*o - 4*b = -24, -2*o + 3*b - 15 = 0. Calculate h(o).
-5
Let t = 5 - 8. Let i be t/(-12) + 45/12. Let l(j) = j**2 - 5*j - 3. Determine l(i).
-7
Let s(g) be the second derivative of 0 - 2/3*g**3 + 6*g + 0*g**2. What is s(1)?
-4
Let y(g) = 8*g - 4. Let x = 12 - 20. Let t(f) = 24*f - 11. Let c(m) = x*y(m) + 3*t(m). Determine c(-1).
-9
Let c(s) be the second derivative of -s + 1/12*s**4 + 5/6*s**3 + 3/2*s**2 + 0. Let q be ((-10)/(-6))/(1/(-3)). Give c(q).
3
Let k(m) = 8*m + 11. Let s(o) = 9*o + 12. Let y(z) = 6*k(z) - 5*s(z). Let q = -6 + 11. Let i be q/((-6)/(-3) + -3). Determine y(i).
-9
Let p be (2/(-10) - 0)*-5. Let b(c) = -5*c**2 - 3*c**3 - p + 4*c**2 - 2*c + 4*c. Calculate b(1).
-3
Let j(y) = y**3 - 10*y**2 + 9*y - 6. Let d be 4/22 - 2/(-44)*194. Determine j(d).
-6
Let s be (3 + -3 + -1)*3. Let a be 0/((-2)/(-1)) + 2. Let i(d) = 4*d + 2 + 2 - a*d. What is i(s)?
-2
Let l(b) = b**3 - b - 6. Let f(j) = -j**3 - j**2 + 5. Let y(o) = -5*f(o) - 4*l(o). Suppose 6*m + 3 = 5*m. Calculate y(m).
5
Let h = 50 - 58. Let d(c) = c**3 + 7*c**2 - 8*c - 7. Determine d(h).
-7
Let b = -116 - -114. Let x(q) = -4*q**2 + 9*q + 7. Let l(i) = -9*i**2 + 19*i + 15. Let u(s) = -6*l(s) + 13*x(s). What is u(b)?
3
Let l(x) = -9*x - 1. Let n(p) = 17*p + 2. Let t = 2 + -7. Let b(f) = t*l(f) - 3*n(f). Give b(-1).
5
Let s(t) = 12*t**2 + 6*t + 1. Let p(a) = a**2 + a. Let f(m) = 6*p(m) - s(m). Calculate f(-1).
-7
Let n be 4/32*4*12. Let d(x) = -x**3 + 7*x**2 - 7*x + 5. Calculate d(n).
-1
Let a(s) = -7*s**3 - 2*s**2 + 3*s - 7. Let i(d) = 20*d**3 + 5*d**2 - 9*d + 20. Let b(t) = -17*a(t) - 6*i(t). Calculate b(4).
11
Let i(x) = -x**2 + 3*x + 6. Let p = 15 - 25. Let f = 15 + p. What is i(f)?
-4
Let s(v) = v**3 + v**2 - 4*v. Suppose -1 - 2 = -d. Suppose 4*y - 17 = 2*b - d*b, 3*b = -5*y + 16. Give s(b).
-6
Suppose -2*x + 9*k - 1 = 4*k, -5*x = k - 11. Let d(f) = -5*f. Determine d(x).
-10
Let t be (3/2)/((-5)/(-20)). Suppose 0 = -4*u + 4*y - 4, u + t*y - y = 17. Let o(q) = -5*q + q + 3 - 4*q + 2*q - q**u. What is o(-5)?
8
Suppose 0 = 4*o - 9*o - p + 16, 4*o + 4*p = 0. Suppose y - 5*u - 10 = 0, 4*y + o*u - 50 = -10. Let j(b) = -2 + y*b**2 - 2*b - 13*b**2 + 1. Give j(-2).
-9
Suppose 5*k - 64 = -4*i, 3 = 5*i - 2*i. Suppose -c - 2*c = -k. Let p(d) = -d - d - 1 + c*d - 3*d**2. Give p(1).
-2
Let u = 1 + -2. Let q(j) = j + 2 - 3 - 7*j + j. Calculate q(u).
4
Let t(a) be the first derivative of -a**3/3 - 3*a**2/2 - a + 2. Let i be t(-3). Let w(j) = -j**3 + 2*j + 1. What is w(i)?
0
Let y(s) be the second derivative of 4*s - 5/6*s**3 + 3/2*s**2 - 1/2*s**4 - 1/20*s**5 + 0. Give y(-5).
3
Suppose 5*j + 11 = -14. Let y(q) be the second derivative of q**4/12 + q**3/2 - 3*q**2 - 33*q. Give y(j).
4
Let n(q) be the third derivative of q**8/1680 + q**7/2520 - q**5/120 - q**4/24 + 5*q**2. Let g(i) be the second derivative of n(i). Determine g(1).
4
Let q(w) be the third derivative of w**3/6 - 7*w**2. Let k(l) = -l + 14. Let r(j) = -k(j) + 2*q(j). What is r(5)?
-7
Let j(i) = -i**3 - i**2 + 3*i + 3. Let o(m) = -m + 12. Let u be o(9). Suppose 13*k - 12*k = -u. Determine j(k).
12
Suppose -5*g + 43 = 3. Let o(v) = v**2 - 10*v + 8. Give o(g).
-8
Let w(a) be the second derivative of a**4/12 - a**3/3 + 27*a. Calculate w(2).
0
Let d(t) be the second derivative of t**4/12 + t**3 - t**2/2 + 3*t. Give d(-6).
-1
Let y(f) be the second derivative of -f**4/12 - f**3 + 5*f**2/2 - 2*f. Let a be y(-7). Let l(j) = -j + 2. Determine l(a).
4
Let y(t) = 0*t + 2*t + 0*t**3 - 3*t**2 - t**3 - 5. Let i(r) = r - 22. Let d be i(18). Determine y(d).
3
Let z be (-3)/(-9) + 31/(-3). Let a(q) = q**2 + 11*q + 13. Let c be a(z). Let h(j) = 3*j + 0*j + c*j - 2*j - 1. Determine h(1).
3
Let x(m) = 3*m**2 - 261 + 256 + 3*m - 2*m**2. Give x(-4).
-1
Let b(n) be the third derivative of n**4/24 + n**3/2 - 31*n**2. Determine b(-5).
-2
Let f(t) = t**2 + 4*t - 5. Let k(h) = h**2 + 2*h - 11. Let o(l) = -l**2 - 3*l + 11. Let b(z) = 6*k(z) + 7*o(z). Let a(x) = -4*b(x) - 9*f(x). Give a(-1).
-4
Let g(m) = m - 2. Suppose 0 = a - 1. Give g(a).
-1
Let t(d) = -4*d**2 + d + 2*d**2 - 8*d**2 - 8 - 3*d**3 + 4*d**3. Calculate t(10).
2
Let r(q) = -q**3 - 4*q**2 - q + 4. Let i be r(-4). Let j = 0 - i. Let o(v) = v**3 + 8*v**2 - 5. Give o(j).
-5
Let n(y) be the third derivative of y**5/60 - y**3 + y**2. Suppose 5*l - 2 = -j, -j + 1 + 1 = -5*l. Determine n(l).
-6
Let r(k) = -2 + 29*k - 1 - 30*k. What is r(-5)?
2
Let d = 8 - 2. Let k(t) be the third derivative of -t**5/60 + t**4/6 + 4*t**3/3 + 28*t**2. What is k(d)?
-4
Let h(s) = -5*s**2 - 3*s + 4. Let x(t) = -6*t**2 - 3*t + 5. Let c(u) = -5*h(u) + 4*x(u). Determine c(-3).
0
Suppose 0 = 2*x + 2*x - 56. Suppose -n + x = 4*r, 4*n - 8*n - 4 = -4*r. Let q(d) = -2*d**2 + 3*d + 3. Determine q(r).
-6
Let n(t) = -t**3 + 4*t**2 - 3*t + 1. Let k be n(2). Let p(f) = f + 0*f + k - 1. Let r(h) = -h**3 + 4*h**2 + 5*h + 4. Let i be r(5). Give p(i).
6
Let a(f) be the first derivative of 1/3*f**3 + 1/2*f**2 - 9 + 7/4*f**4 + 0*f. What is a(-1)?
-7
Let n = -3 - -5. Let q(f) = 53 - 53 + 5*f**2 - f**n. Give q(1).
4
Let k = 3 + -2. Let n = 0 - k. Let g(z) be the second derivative of z**4/3 + z**3/6 + z**2/2 + 2*z. What is g(n)?
4
Let s(b) be the second derivative of b**5/20 - b**4/3 + b**3/6 + b**2 + 7*b. Let x be s(4). Let w(f) = f**2 - 5*f - 3. Determine w(x).
3
Let f(i) = i**3 - 3*i**2 - 3*i - 4. Suppose 4*c = 5*l + 24, -5 - 11 = 4*l. Let s be 4/(-2) + 6*c. Calculate f(s).
0
Let s(o) = o - 1. Let c(y) = -y**2 + 5*y + 7. Let q be c(5). Let j(d) = -d**2 + 8*d - 5. Let w be j(q). Suppose -w = x - 1. Determine s(x).
-2
Let f(m) = -3*m**2 + 19*m - 13. Let q(k) = -k**2 + 9*k - 6. Let y(a) = 2*f(a) - 5*q(a). Determine y(-7).
4
Suppose v + 2*t + 5 = 0, -3*v - v - 4*t - 12 = 0. Let o(b) = b. Let d(r) = -11*r + 1. Let q(k) = v*o(k) - d(k). Calculate q(1).
9
Let t(n) = -n**3 + 5*n**2 - 4*n + 4. Let b(j) = -2*j + 9. Let f be b(7). Let q = f - -9. Calculate t(q).
4
Let b(x) = -x + 10. Let a(v) = v - 1. Let k(f) = -3*a(f) - b(f). Calculate k(-5).
3
Let g(z) = -z**3 + 6*z**2 - 7*z + 4. Let f be (-1 - 2)*(-10)/(-6). Let p = f + 10. Calculate g(p).
-6
Let m(a) = -7*a + 1 + 3*a + 3*a. Let c(r) = 10*r - 5. Let t(s) = c(s) + 4*m(s). Suppos